= 15*h - 7*h + 104. Let u(q) = 7*q**3 + 24*q**2 - 31*q - 5. Let t(x) = -3*x**3 - 12*x**2 + 15*x + 2. Let o(y) = 5*t(y) + 2*u(y). Determine o(h).
0
Let f(x) = 7*x**2 - 567*x - 3. Let r(s) = -s**2 + 111*s. Let p(v) = f(v) + 5*r(v). Give p(7).
11
Let i be (50/20)/(((-6)/460)/(-3)). Let f be (-2)/(-25) - (-1104)/i. Let m(w) = -4*w**2 + w. What is m(f)?
-14
Let h(q) = -2*q**2 + 10*q**3 - 11*q**3 + 8*q**2 - 655*q - 2 + 656*q. Let v be 1/(-2) + 54/12. Determine h(v).
34
Let l be 24/20*15/(-9). Let f(y) be the third derivative of -y**5/30 - y**4/24 - y**3/3 + 15*y**2. Calculate f(l).
-8
Suppose 10 = -16*a + 21*a. Let o(u) = u**2 + 3*u + 8. Let b be o(-4). Let f(y) = 7*y - 8*y**2 - 5*y**a + b*y**2. What is f(6)?
6
Let c(p) = -p**3 - 2*p**2 + p + 13. Suppose -3*n - n = 3*m - 38, n - 2 = 3*m. Let o be (n - 2) + ((-12)/(-3) - 10). Determine c(o).
13
Let y(k) = 2*k**3 - 67*k**2 - 97*k + 15. Let r(g) = -g**3 + 31*g**2 + 48*g - 9. Let v(f) = 9*r(f) + 4*y(f). Give v(14).
7
Let n(w) be the second derivative of w**5/20 + w**4/12 + w**3/6 - w**2/2 - 6*w. Let z be -14 - (-10)/(140/154). Calculate n(z).
-22
Let i(o) = o**3 + 4*o**2 - 1. Let f(q) = -10*q - 2. Let u be f(-2). Let b = 202 - 199. Suppose -b*z - u = -6. Calculate i(z).
-1
Let s(y) = y**2 + 5*y + 3. Suppose -30 = -6*a + 3*a. Let f(d) = 3*d**3 - d. Let g be f(1). Suppose a = g*c + 24. Give s(c).
17
Let f = -2469 + 2468. Let k(q) = 29*q**3 - 3*q**2 + 2. Give k(f).
-30
Let d(v) = -24 + 6 - 3 + 150*v**3 + 17*v - 11 - 152*v**3 - 18*v**2. What is d(-10)?
-2
Let f(t) = t - 6. Let u be 198/2277 + 4/((-276)/213). Calculate f(u).
-9
Let y(b) = -b**3 + 2*b**2 + 63. Let x = -25122 - -25122. Give y(x).
63
Let f(t) = t. Let h(p) = p**3 + 30*p**2 + 31*p + 63. Let a be h(-29). Let l be (a - (4 + 2))/1. Calculate f(l).
-1
Let m(r) = 60*r - 664. Let q be 1*2*((-102)/153)/(12/(-99)). Give m(q).
-4
Let x(r) = -2*r - 3. Let m(t) = -t - 1. Let i(j) = 5*m(j) - 3*x(j). Suppose -6*l = 2*l - 16. Let f be (4/l)/(4*(-1)/10). What is i(f)?
-1
Let l(o) = -o**3 - o - 6*o + 42308*o**2 - 42299*o**2. What is l(6)?
66
Let u(t) be the second derivative of t**5/10 - 11*t**4/6 + t**3/3 - 3*t**2/2 + t - 992. What is u(11)?
19
Let r = -16 + -26. Let u be (r/(-9) + -3)*3. Let a(n) be the first derivative of n**4/4 - 2*n**3 + 2*n**2 + 4*n + 75. Give a(u).
-1
Let t(b) = b**3 - 4*b**2 - 15*b + 10. Let y(x) = 334*x - 2666. Let s be y(8). Give t(s).
-8
Let t(c) = -2 + 6*c - 13*c - c**2 + 8*c + 10*c - 9*c. Calculate t(-7).
-65
Let o(s) = 4*s**3 - 18*s + 19. Let i(w) = -w**3 + 2*w**2 + 7*w - 2. Let q(f) = -5*i(f) - o(f). Calculate q(12).
75
Let z(v) = -v**2 - 5*v + 19. Suppose 1000 = -60*n - 65*n. Give z(n).
-5
Let m(n) = -24*n**3 - 23*n**3 + 1 - 7*n**2 - 4*n + 8*n**2 + 46*n**3. Determine m(3).
-29
Let s(y) = -y + 68. Let i(h) = -h + 77. Let g(q) = -7*i(q) + 8*s(q). Suppose 16*o + 64 = -48. Determine g(o).
12
Let k(n) = -7 - 5 - n**3 + 3 + 6*n**2 + 1 + 8*n. Let x(u) = -u**3 + 6*u - 2. Let w be (5/10*-6)/1. Let g be x(w). What is k(g)?
-1
Suppose -3*b - 3*i + 12 = 0, -2*b - 2*i = 3*i - 14. Let d(l) = 2 - 3 + 6 - 1 + l**b + 5*l. Let y be 1/((-3)/12) + 0. What is d(y)?
0
Let z(p) = -p**2 - 9*p - 13. Let b(h) = 4*h**3 + 8*h**2 - 11*h - 19. Let w be b(-1). Determine z(w).
7
Let h = 56 - 46. Suppose g - h = -4*c + 11, 5*g = 4*c + 9. Let j(o) = -o**3 + 5*o**2 - o. Give j(c).
12
Let f(x) = 2*x**3 + 35*x**2 + 18*x + 21. Let m be 2 - 6/3 - 17. Let c be f(m). Suppose c*p = -p + p. Let t(g) = -g**2 + 2. What is t(p)?
2
Let s(g) be the first derivative of -g**4/4 - g**3/6 - g**2/2 - 36*g + 22. Let o(k) be the first derivative of s(k). Calculate o(-3).
-25
Suppose 78*h + 73 = -45 - 38. Let p(n) = 4*n**3 - 15*n**2 - 2*n - 9. Let t(m) = -m**3 + 5*m**2 + m + 3. Let f(k) = 2*p(k) + 7*t(k). Give f(h).
9
Let b(h) = -h**2 + 21*h - 75. Let w be b(4). Let z(v) = -34 + 0*v - 8*v + 13*v. Let s(f) = 3*f - 17. Let c(j) = 7*s(j) - 4*z(j). Determine c(w).
10
Let d(x) be the second derivative of -3*x**5/20 + 2*x**3/3 + 3*x**2/2 + 1562*x. Determine d(-1).
2
Let c(t) be the third derivative of -t**7/840 - t**6/60 - 7*t**5/120 - t**4/4 + 5*t**3/6 - 48*t**2. Let q(b) be the first derivative of c(b). Give q(-5).
4
Let y(i) = -3*i**3 - 33*i**2 - 309*i + 104. Let a(n) = 4*n**3 + 50*n**2 + 463*n - 155. Let o(k) = 5*a(k) + 7*y(k). Give o(25).
3
Let o(i) = -8*i - 2. Let w(j) = 164 - 2*j - 30 + 11*j. Let b be w(-15). Give o(b).
6
Let q(h) = h**2 + 9*h - 21. Let o be 47/(-94) - (-21)/(-2). Let m be q(o). Let c(g) = 2*g**3 + g**2 - 1. Give c(m).
2
Suppose 2*x - 21 = -3*y - 68, -x + 2*y = 6. Let a(l) = -23*l - 365. What is a(x)?
3
Suppose 0 = 7*h - 5*t + 76, 5*h = 3*h - 2*t - 8. Let w(d) = d**3 + 10*d**2 + 19*d + 23. Give w(h).
-1
Let m be (-49)/21 + 627/99. Let i(d) be the second derivative of 2*d**2 - 16*d + 5/12*d**m + 5/6*d**3 - 1/20*d**5 + 0. Determine i(6).
-2
Let z(b) = 26 - 1060*b + 5 + 2111*b - 1049*b. Determine z(-21).
-11
Let p(b) be the first derivative of -b**2/2 + 8*b - 125. Suppose 6*y - 15 = 2*y - k, 0 = -2*y + k + 15. Give p(y).
3
Let k(u) = u**3 + 6*u**2 + 2*u - 1. Let o(l) = -l**3 - l**2 + 4*l + 74. Let r be o(0). Let j = r - 147. Let w = j - -68. What is k(w)?
14
Suppose -2*n - 44 = -3*a, -180*a + 12 = -179*a - n. Let t(g) be the second derivative of 9/2*g**2 + 0 + a*g - 1/3*g**3 + 1/2*g**4 - 1/20*g**5. What is t(6)?
-3
Let v(q) = 6*q - 3. Suppose 6*h + 29 = 53. Let y be 2 + ((-32)/12)/(h/6). Determine v(y).
-15
Let q(d) = -37*d + 66. Let o be q(-13). Let u(z) = o*z - 1106*z + 548*z. Calculate u(1).
-11
Let n be 20/5 + -4 + 3. Let j(q) = 4*q**3 + 10*q**2 + 4*q + 8. Let h(d) = -9*d**3 - 21*d**2 - 9*d - 18. Let y(w) = 5*h(w) + 11*j(w). Give y(n).
13
Suppose -4*v - 12 = 0, 0 = 2*f + 4*v - 0 + 20. Let i be (-4)/(-12)*(4 + 26). Let w(j) = 4*j + 3*j**2 - i*j + 2*j**2 - 7*j**2 - 6 + 3. Determine w(f).
-11
Let f = 2 + 4. Let h(j) = -7 + j**3 + 13 - 4892590*j - 6*j**2 + 4892590*j. Calculate h(f).
6
Let n(m) = 98*m + 210. Let a(v) = 27*v + 53. Let s(b) = 11*a(b) - 3*n(b). Give s(9).
-20
Let m(v) = 5*v + 10. Suppose -46*p = -2*p + 192 - 280. What is m(p)?
20
Let w = -2650 - -2647. Let a(h) = -34*h - 104. What is a(w)?
-2
Let g(d) = d**3 - 24*d**2 - 27*d + 39. Let y be -5*5/(8 - 9). Let c be g(y). Let t(n) = -n**3 - 11*n**2 + 2*n - 1. Give t(c).
-23
Let c = 3469 + -3460. Let u(k) = 2*k**3 + 7*k**2 - 5*k - 1. Let y(m) = 5*m**3 + 22*m**2 - 16*m - 3. Let o(t) = -8*u(t) + 3*y(t). Determine o(c).
8
Let v(p) = p**3 - 6*p**2 - 12*p + 30. Let n(f) = -67*f - 864. Let c be n(-13). What is v(c)?
-5
Let m(i) = i**3 + 8*i**2 + 7*i + 7. Suppose -148*x + 141*x = -21. Suppose x*d = 5*d + 14. What is m(d)?
7
Let f(o) = o**3 + 36*o**2 + 35*o + 3. Let c be f(-35). Suppose a = -j - 4*j + 19, 0 = -c*j + a + 13. Let m(l) = l**3 - 5*l**2 + 4*l + 5. Calculate m(j).
5
Let f(y) = 28*y**2 + 30*y + 17. Let o(t) = -18*t**2 - 20*t - 11. Let v(g) = -5*f(g) - 8*o(g). Let r be v(-2). Let n(s) = -8*s + 1. Calculate n(r).
9
Let p(h) = -3*h**2 + 5*h - 29. Let a(s) = 3*s - 14 + 0 + 0*s - s - 2*s**2. Let l(f) = -7*a(f) + 3*p(f). Let j(w) be the first derivative of l(w). What is j(-1)?
-9
Let f(n) = 34*n + 4. Let y(p) = 23*p + 8. Let t(m) = m - 1. Let u(k) = 5*t(k) + y(k). Let l(v) = 4*f(v) - 5*u(v). What is l(-1)?
5
Let j(u) be the first derivative of -u**2/2 + 7*u + 311. What is j(-4)?
11
Let h be (-96 - (-3)/(-1))*1/(-3). Let a = -29 + h. Let p(l) = -5*l + l**2 + 2*l + 3*l**2 - a - 2*l**2. Determine p(3).
5
Let n(i) = 33585*i**3 + i + 10*i**2 - 33586*i**3 - 63 + 64. Give n(10).
11
Let q(x) = -63*x - 23. Let c(p) = 137*p + 47. Let l(j) = 6*c(j) + 13*q(j). Determine l(3).
-8
Suppose -1507 = -27*w - 1804. Let d(b) = -b**2 - 32*b - 235. Give d(w).
-4
Let w(r) be the first derivative of -2*r**3/3 - 53*r - 80. Let z(y) be the first derivative of w(y). Let o = 29 - 30. Calculate z(o).
4
Let g(l) be the first derivative of -l**3 + 19*l**2/2 - 4*l - 1149. Give g(7).
-18
Let y(k) = k**3 - 6*k**2 + 3*k + 4. Let w be y(5). Let d(x) = 13*x + 5. Let n = 166 + -153. Let r(o) = 28*o + 9. Let m(t) = n*d(t) - 6*r(t). What is m(w)?
5
Let a(b) = b**3 - 11*b**2 + 18*b + 15. Let y be a(9). Suppose 5*p + k - 65 = -4*k, k = -2*p + 24. Let x = y - p. Let z(d) = d**3 - 5*d**2 + 5*d. Calculate z(x).
4
Let k be (-40)/((-192)/24) + -1*(-15)/(-9